Dec 01 17:15:11.963 INFO testing foundoulis/slytherlisp_rust against master#8940af3cea4a9a9deabcaf843b2f8cad9a83fc61 for beta-1.31-5
Dec 01 17:15:11.963 INFO running `"docker" "create" "-v" "/mnt/big/crater/work/local/target-dirs/beta-1.31-5/worker-1/master#8940af3cea4a9a9deabcaf843b2f8cad9a83fc61:/target:rw,Z" "-v" "/mnt/big/crater/work/local/test-source/worker-1/beta-1.31-5/master#8940af3cea4a9a9deabcaf843b2f8cad9a83fc61:/source:ro,Z" "-v" "/mnt/big/crater/work/local/cargo-home:/cargo-home:ro,Z" "-v" "/mnt/big/crater/work/local/rustup-home:/rustup-home:ro,Z" "-e" "USER_ID=1000" "-e" "SOURCE_DIR=/source" "-e" "USER_ID=1000" "-e" "CMD=cargo +8940af3cea4a9a9deabcaf843b2f8cad9a83fc61-alt build --frozen" "-e" "CARGO_TARGET_DIR=/target" "-e" "CARGO_INCREMENTAL=0" "-e" "RUST_BACKTRACE=full" "-e" "RUSTFLAGS=--cap-lints=warn" "-e" "CARGO_HOME=/cargo-home" "-e" "RUSTUP_HOME=/rustup-home" "-m" "1536M" "--network" "none" "crater"`
Dec 01 17:15:12.450 INFO [stdout] 57ad5fe4489917f45f1ce7ddfcab26f482b56aa29300a5e56b768bc5f9f9440d
Dec 01 17:15:12.450 INFO running `"docker" "start" "-a" "57ad5fe4489917f45f1ce7ddfcab26f482b56aa29300a5e56b768bc5f9f9440d"`
Dec 01 17:15:14.279 INFO [stderr] usermod: no changes
Dec 01 17:15:14.435 INFO [stderr]    Compiling regex v1.0.5
Dec 01 17:15:25.254 INFO [stderr]    Compiling slytherlisp_rust v0.1.0 (/source)
Dec 01 17:15:26.191 INFO [stderr] warning: unused import: `types::conslist::*`
Dec 01 17:15:26.191 INFO [stderr]  --> src/parser/parser.rs:7:5
Dec 01 17:15:26.191 INFO [stderr]   |
Dec 01 17:15:26.191 INFO [stderr] 7 | use types::conslist::*;
Dec 01 17:15:26.191 INFO [stderr]   |     ^^^^^^^^^^^^^^^^^^
Dec 01 17:15:26.191 INFO [stderr]   |
Dec 01 17:15:26.191 INFO [stderr]   = note: #[warn(unused_imports)] on by default
Dec 01 17:15:26.191 INFO [stderr] 
Dec 01 17:15:26.295 INFO [stderr] error[E0369]: binary operation `==` cannot be applied to type `parser::parser::ParseToken`
Dec 01 17:15:26.295 INFO [stderr]    --> src/parser/parser.rs:129:12
Dec 01 17:15:26.295 INFO [stderr]     |
Dec 01 17:15:26.295 INFO [stderr] 129 |         if elem == ParseToken::RParen {
Dec 01 17:15:26.295 INFO [stderr]     |            ^^^^^^^^^^^^^^^^^^^^^^^^^^
Dec 01 17:15:26.295 INFO [stderr]     |
Dec 01 17:15:26.295 INFO [stderr]     = note: an implementation of `std::cmp::PartialEq` might be missing for `parser::parser::ParseToken`
Dec 01 17:15:26.295 INFO [stderr] 
Dec 01 17:15:26.295 INFO [stderr] error[E0061]: this function takes 1 parameter but 0 parameters were supplied
Dec 01 17:15:26.295 INFO [stderr]    --> src/parser/parser.rs:133:24
Dec 01 17:15:26.295 INFO [stderr]     |
Dec 01 17:15:26.295 INFO [stderr] 27  |     Value(LispValue),
Dec 01 17:15:26.295 INFO [stderr]     |     ---------------- defined here
Dec 01 17:15:26.295 INFO [stderr] ...
Dec 01 17:15:26.295 INFO [stderr] 133 |             if elem != ParseToken::Value() {
Dec 01 17:15:26.295 INFO [stderr]     |                        ^^^^^^^^^^^^^^^^^^^ expected 1 parameter
Dec 01 17:15:26.295 INFO [stderr] 
Dec 01 17:15:26.295 INFO [stderr] error[E0369]: binary operation `!=` cannot be applied to type `parser::parser::ParseToken`
Dec 01 17:15:26.295 INFO [stderr]    --> src/parser/parser.rs:133:16
Dec 01 17:15:26.295 INFO [stderr]     |
Dec 01 17:15:26.295 INFO [stderr] 133 |             if elem != ParseToken::Value() {
Dec 01 17:15:26.295 INFO [stderr]     |                ^^^^^^^^^^^^^^^^^^^^^^^^^^^
Dec 01 17:15:26.295 INFO [stderr]     |
Dec 01 17:15:26.295 INFO [stderr]     = note: an implementation of `std::cmp::PartialEq` might be missing for `parser::parser::ParseToken`
Dec 01 17:15:26.295 INFO [stderr] 
Dec 01 17:15:26.303 INFO [stderr] error[E0369]: binary operation `==` cannot be applied to type `parser::parser::ParseToken`
Dec 01 17:15:26.303 INFO [stderr]    --> src/parser/parser.rs:138:34
Dec 01 17:15:26.303 INFO [stderr]     |
Dec 01 17:15:26.303 INFO [stderr] 138 |         while stack.len() > 1 && stack[stack.len()-2] == ParseToken::SingleQuote {
Dec 01 17:15:26.303 INFO [stderr]     |                                  ^^^^^^^^^^^^^^^^^^^^^^^^^^^^^^^^^^^^^^^^^^^^^^^
Dec 01 17:15:26.303 INFO [stderr]     |
Dec 01 17:15:26.303 INFO [stderr]     = note: an implementation of `std::cmp::PartialEq` might be missing for `parser::parser::ParseToken`
Dec 01 17:15:26.303 INFO [stderr] 
Dec 01 17:15:26.443 INFO [stderr] error[E0308]: mismatched types
Dec 01 17:15:26.443 INFO [stderr]    --> src/parser/parser.rs:140:66
Dec 01 17:15:26.443 INFO [stderr]     |
Dec 01 17:15:26.443 INFO [stderr] 140 |             stack[stack.len()-1] = ParseToken::Value(Quoted::new(itm));
Dec 01 17:15:26.443 INFO [stderr]     |                                                                  ^^^ expected enum `types::lispvalue::LispValue`, found enum `parser::parser::ParseToken`
Dec 01 17:15:26.443 INFO [stderr]     |
Dec 01 17:15:26.443 INFO [stderr]     = note: expected type `types::lispvalue::LispValue`
Dec 01 17:15:26.443 INFO [stderr]                found type `parser::parser::ParseToken`
Dec 01 17:15:26.443 INFO [stderr] 
Dec 01 17:15:26.485 INFO [stderr] error[E0308]: mismatched types
Dec 01 17:15:26.485 INFO [stderr]    --> src/parser/parser.rs:140:54
Dec 01 17:15:26.485 INFO [stderr]     |
Dec 01 17:15:26.485 INFO [stderr] 140 |             stack[stack.len()-1] = ParseToken::Value(Quoted::new(itm));
Dec 01 17:15:26.485 INFO [stderr]     |                                                      ^^^^^^^^^^^^^^^^ expected enum `types::lispvalue::LispValue`, found struct `types::quoted::Quoted`
Dec 01 17:15:26.485 INFO [stderr]     |
Dec 01 17:15:26.485 INFO [stderr]     = note: expected type `types::lispvalue::LispValue`
Dec 01 17:15:26.485 INFO [stderr]                found type `types::quoted::Quoted`
Dec 01 17:15:26.485 INFO [stderr] 
Dec 01 17:15:26.535 INFO [stderr] error: aborting due to 6 previous errors
Dec 01 17:15:26.535 INFO [stderr] 
Dec 01 17:15:26.535 INFO [stderr] Some errors occurred: E0061, E0308, E0369.
Dec 01 17:15:26.535 INFO [stderr] For more information about an error, try `rustc --explain E0061`.
Dec 01 17:15:26.545 INFO [stderr] error: Could not compile `slytherlisp_rust`.
Dec 01 17:15:26.545 INFO [stderr] 
Dec 01 17:15:26.545 INFO [stderr] To learn more, run the command again with --verbose.
Dec 01 17:15:26.551 INFO [stderr] su: No module specific data is present
Dec 01 17:15:27.701 INFO running `"docker" "inspect" "57ad5fe4489917f45f1ce7ddfcab26f482b56aa29300a5e56b768bc5f9f9440d"`
Dec 01 17:15:27.979 INFO running `"docker" "rm" "-f" "57ad5fe4489917f45f1ce7ddfcab26f482b56aa29300a5e56b768bc5f9f9440d"`
Dec 01 17:15:28.383 INFO [stdout] 57ad5fe4489917f45f1ce7ddfcab26f482b56aa29300a5e56b768bc5f9f9440d
